02
Convert 20022 (base 3) to base 10.
170
Convert -7 (base 11) to base 3.
-21
What is -2 (base 14) in base 4?
-2
c (base 15) to base 13
c
What is -7 (base 13) in base 3?
-21
-4 (base 16) to base 14
-4
3a (base 14) to base 15
37
Convert 8 (base 9) to base 10.
8
What is 45 (base 9) in base 4?
221
110 (base 4) to base 6
32
6 (base 7) to base 15
6
What is -18 (base 15) in base 10?
-23
Convert 3d (base 15) to base 5.
213
-15 (base 8) to base 4
-31
What is -5 (base 7) in base 13?
-5
What is 100 (base 2) in base 14?
4
-2 (base 16) to base 10
-2
What is 92 (base 13) in base 12?
9b
300 (base 4) to base 7
66
Convert -25 (base 15) to base 12.
-2b
What is 2 (base 5) in base 8?
2
What is -1 (base 6) in base 12?
-1
Convert 2 (base 16) to base 15.
2
What is 20 (base 3) in base 7?
6
Convert 18 (base 9) to base 10.
17
Convert 214 (base 8) to base 7.
260
Convert 301 (base 5) to base 3.
2211
-1 (base 12) to base 2
-1
20 (base 9) to base 10
18
-2 (base 8) to base 15
-2
24 (base 8) to base 11
19
-7 (base 11) to base 8
-7
255 (base 6) to base 12
8b
Convert -1 (base 2) to base 11.
-1
Convert 5 (base 14) to base 11.
5
What is 63 (base 11) in base 9?
76
0 (base 12) to base 10
0
Convert 44 (base 14) to base 3.
2020
Convert 50 (base 9) to base 16.
2d
3 (base 7) to base 10
3
11 (base 7) to base 12
8
Convert c (base 16) to base 3.
110
What is -10 (base 6) in base 10?
-6
-110 (base 2) to base 11
-6
1 (base 9) to base 13
1
Convert 20 (base 3) to base 13.
6
4 (base 10) to base 7
4
Convert -6 (base 15) to base 3.
-20
What is -433 (base 5) in base 14?
-86
10100 (base 3) to base 5
330
-6e (base 16) to base 7
-215
1 (base 15) to base 13
1
2 (base 4) to base 3
2
What is 156 (base 8) in base 16?
6e
0 (base 14) to base 2
0
Convert -2321 (base 4) to base 7.
-353
Convert -199 (base 14) to base 5.
-2311
Convert 115 (base 12) to base 8.
241
a4 (base 15) to base 9
181
What is -4 (base 9) in base 2?
-100
312 (base 8) to base 11
174
Convert -3 (base 9) to base 8.
-3
10 (base 4) to base 8
4
Convert 38 (base 13) to base 8.
57
What is 5 (base 11) in base 10?
5
2231 (base 4) to base 13
104
What is 20 (base 7) in base 11?
13
What is -2 (base 5) in base 16?
-2
Convert -24 (base 7) to base 16.
-12
165 (base 8) to base 14
85
-4 (base 11) to base 10
-4
What is -211 (base 5) in base 10?
-56
What is -d (base 14) in base 16?
-d
Convert 44 (base 11) to base 10.
48
Convert 9 (base 11) to base 3.
100
-21 (base 11) to base 10
-23
Convert 20 (base 7) to base 13.
11
1054 (base 7) to base 11
318
Convert 2 (base 12) to base 13.
2
51 (base 14) to base 6
155
20202 (base 3) to base 13
110
What is -163 (base 8) in base 10?
-115
-210 (base 3) to base 5
-41
-22 (base 4) to base 15
-a
4 (base 10) to base 4
10
What is 153 (base 12) in base 2?
11001111
-67 (base 12) to base 2
-1001111
What is -284 (base 11) in base 8?
-516
What is -101 (base 2) in base 16?
-5
What is -24 (base 16) in base 9?
-40
What is -a (base 11) in base 2?
-1010
Convert 62 (base 8) to base 9.
55
Convert 52 (base 6) to base 2.
100000
What is -4 (base 13) in base 10?
-4
What is 12 (base 5) in base 13?
7
-33 (base 5) to base 7
-24
-11 (base 16) to base 2
-10001
What is a5 (base 13) in base 10?
135
What is 68 (base 14) in base 13?
71
Convert -f (base 16) to base 7.
-21
2440 (base 5) to base 3
111201
Convert 61 (base 8) to base 6.
121
-19 (base 13) to base 16
-16
2 (base 10) to base 4
2
42 (base 5) to base 7
31
What is -b (base 15) in base 2?
-1011
Convert 22 (base 9) to base 14.
16
Convert 1002 (base 3) to base 2.
11101
-10 (base 13) to base 5
-23
Convert 37 (base 9) to base 16.
22
-1 (base 5) to base 13
-1
-1 (base 16) to base 14
-1
431 (base 6) to base 15
ad
What is -10 (base 5) in base 8?
-5
What is 0 (base 6) in base 2?
0
What is e (base 15) in base 4?
32
What is -4 (base 8) in base 7?
-4
What is 15 (base 9) in base 15?
e
174 (base 11) to base 8
312
Convert -28 (base 12) to base 9.
-35
Convert 109 (base 11) to base 6.
334
261 (base 10) to base 3
100200
-1a (base 13) to base 15
-18
131 (base 8) to base 2
1011001
Convert 132 (base 4) to base 8.
36
What is 11 (base 7) in base 2?
1000
1 (base 10) to base 15
1
-3 (base 13) to base 15
-3
-100010 (base 2) to base 11
-31
What is -124 (base 5) in base 9?
-43
-1 (base 4) to base 14
-1
c (base 16) to base 9
13
What is 52 (base 11) in base 14?
41
100 (base 2) to base 11
4
What is 1 (base 6) in base 7?
1
Convert -3 (base 13) to base 12.
-3
1c (base 14) to base 6
42
Convert 2 (base 6) to base 10.
2
What is 13 (base 4) in base 8?
7
What is -10000101 (base 2) in base 4?
-2011
0 (base 4) to base 6
0
Convert -12 (base 10) to base 13.
-c
Convert 16 (base 10) to base 6.
24
What is -13 (base 12) in base 16?
-f
What is -2 (base 15) in base 6?
-2
What is 0 (base 9) in base 14?
0
What is 100 (base 4) in base 3?
121
e (base 15) to base 13
11
Convert -33 (base 13) to base 9.
-46
What is 100 (base 3) in base 2?
1001
Convert 121 (base 4) to base 12.
21
-22 (base 4) to base 9
-11
-10 (base 9) to base 12
-9
Convert -1 (base 16) to base 8.
-1
What is 0 (base 4) in base 11?
0
What is 1020 (base 3) in base 16?
21
Convert -2 (base 14) to base 4.
-2
-121 (base 6) to base 2
-110001
Convert -32 (base 7) to base 4.
-113
What is 13 (base 9) in base 8?
14
What is -5 (base 11) in base 9?
-5
Convert 3 (base 8) to base 9.
3
27 (base 11) to base 10
29
What is -12 (base 8) in base 6?
-14
What is -111111 (base 2) in base 9?
-70
Convert 16 (base 15) to base 12.
19
What is -2b (base 16) in base 9?
-47
-1 (base 15) to base 9
-1
What is 1111 (base 2) in base 10?
15
Convert -5 (base 6) to base 2.
-101
Convert a (base 16) to base 8.
12
Convert -2 (base 9) to base 13.
-2
What is -1 (base 8) in base 13?
-1
3 (base 9) to base 6
3
What is -31 (base 10) in base 13?
-25
2 (base 8) to base 6
2
Convert -3 (base 5) to base 16.
-3
-3 (base 6) to base 16
-3
0 (base 6) to base 13
0
Convert 9 (base 16) to base 7.
12
Convert 4 (base 8) to base 6.
4
0 (base 5) to base 16
0
Convert 1 (base 15) to base 13.
1
What is 0 (base 16) in base 8?
0
-111 (base 4) to base 3
-210
Convert 211 (base 5) to base 6.
132
What is 35 (base 6) in base 8?
27
-9 (base 11) to base 5
-14
Convert -3 (base 6) to base 16.
-3
-4a (base 13) to base 8
-76
What is 1011 (base 2) in base 13?
b
-5c (base 13) to base 16
-4d
What is 73 (base 16) in base 15?
7a
7 (base 12) to base 13
7
Convert 39 (base 16) to base 12.
49
-34 (base 16) to base 4
-310
Convert 50 (base 11) to base 2.
110111
Convert -11 (base 2) to base 4.
-3
What is 5 (base 7) in base 2?
101
Convert f (base 16) to base 8.
17
4 (base 12) to base 9
4
1 (base 6) to base 8
1
Convert 15 (base 8) to base 5.
23
55 (base 14) to base 12
63
What is -222 (base 4) in base 2?
-101010
What is 0 (base 15) in base 10?
0
11 (base 2) to base 8
3
Convert -5 (base 10) to base 6.
-5
What is 5 (base 14) in base 7?
5
What is -20 (base 4) in base 7?
-11
What is 41 (base 5) in base 2?
10101
What is 4 (base 5) in base 10?
4
What is 39 (base 16) in base 12?
49
What is -1110100 (base 2) in base 16?
-74
Convert -38 (base 15) to base 9.
-58
0 (base 2) to base 4
0
2 (base 16) to base 4
2
2 (base 4) to base 10
2
What is -13 (base 4) in base 7?
-10
Convert -4 (base 16) to base 15.
-4
What is -3 (base 4) in base 6?
-3
Convert -1a (base 11) to base 13.
-18
Convert 11 (base 2) to base 14.
3
24 (base 13) to base 7
42
What is -1233 (base 6) in base 13?
-1aa
Convert -1244 (base 5) to base 9.
-241
What is 0 (base 9) in base 12?
0
Convert -42 (base 5) to base 12.
-1a
Convert -3 (base 5) to base 7.
-3
What is 9 (base 12) in base 6?
13
What is 3 (base 10) in base 7?
3
Convert 100 (base 2) to base 4.
10
What is 33 (base 6) in base 10?
21
What is 3 (base 11) in base 5?
3
-2 (base 13) to base 9
-2
What is 23 (base 5) in base 3?
111
What is 2 (base 9) in base 3?
2
-24 (base 7) to base 9
-20
Convert 5 (base 9) to base 14.
5
What is 88 (base 9) in base 10?
80
1 (base 12) to base 14
1
Convert 5 (base 9) to base 4.
11
Convert 6 (base 15) to base 16.
6
What is 110 (base 2) in base 12?
6
What is 0 (base 2) in base 11?
0
Convert 24 (base 5) to base 7.
20
What is -1110 (base 5) in base 15?
-a5
What is 24 (base 13) in base 16?
1e
What is 332 (base 4) in base 12?
52
What is -233 (base 5) in base 12?
-58
Convert c6 (base 16) to base 6.
530
What is -21 (base 3) in base 7?
-10
What is -5 (b